nd 518.
7
What is the greatest common divisor of 232 and 428?
4
Calculate the highest common divisor of 3520 and 275.
55
Calculate the greatest common divisor of 14 and 12278.
14
What is the highest common divisor of 258 and 602?
86
Calculate the highest common divisor of 102 and 3196.
34
What is the highest common factor of 20 and 115?
5
Calculate the highest common factor of 244 and 15616.
244
Calculate the highest common factor of 125 and 75.
25
Calculate the greatest common divisor of 16 and 392.
8
Calculate the greatest common divisor of 47 and 8930.
47
Calculate the greatest common factor of 40 and 70.
10
What is the greatest common divisor of 21 and 1533?
21
Calculate the greatest common factor of 17 and 544.
17
Calculate the greatest common factor of 703 and 111.
37
Calculate the greatest common divisor of 1956 and 48.
12
Calculate the greatest common factor of 203 and 232.
29
Calculate the highest common divisor of 404 and 19998.
202
What is the greatest common factor of 12032 and 48?
16
Calculate the highest common factor of 84 and 252.
84
Calculate the greatest common divisor of 22 and 6.
2
Calculate the highest common factor of 825 and 11.
11
What is the highest common factor of 4879 and 34?
17
What is the greatest common divisor of 2912 and 260?
52
What is the greatest common factor of 2583 and 126?
63
Calculate the highest common divisor of 1040 and 2800.
80
Calculate the greatest common factor of 851 and 111.
37
What is the greatest common factor of 140 and 1204?
28
Calculate the highest common factor of 416 and 24.
8
Calculate the highest common factor of 576 and 648.
72
Calculate the greatest common divisor of 40 and 80.
40
What is the highest common factor of 10272 and 672?
96
What is the highest common divisor of 1694 and 1540?
154
What is the greatest common divisor of 4084 and 4?
4
What is the greatest common divisor of 455 and 105?
35
What is the highest common factor of 29 and 899?
29
What is the highest common divisor of 79 and 1501?
79
What is the highest common factor of 2784 and 144?
48
What is the greatest common divisor of 46 and 736?
46
Calculate the highest common factor of 22 and 11.
11
What is the greatest common factor of 18 and 17838?
18
What is the greatest common factor of 60 and 2370?
30
Calculate the highest common factor of 2765 and 7.
7
Calculate the greatest common divisor of 845 and 260.
65
What is the highest common divisor of 1070 and 190?
10
Calculate the greatest common factor of 96 and 672.
96
What is the highest common divisor of 352 and 44?
44
Calculate the highest common divisor of 837 and 1161.
27
What is the greatest common factor of 21 and 4809?
21
What is the highest common divisor of 3 and 57?
3
Calculate the greatest common divisor of 2 and 74.
2
What is the greatest common factor of 6 and 392?
2
Calculate the highest common divisor of 1510 and 14496.
302
Calculate the highest common divisor of 102 and 561.
51
What is the highest common factor of 62 and 2325?
31
Calculate the highest common divisor of 36 and 36.
36
Calculate the highest common factor of 3000 and 36.
12
Calculate the highest common factor of 24 and 180.
12
Calculate the greatest common factor of 34 and 17.
17
Calculate the greatest common divisor of 1056 and 66.
66
What is the greatest common factor of 60 and 810?
30
Calculate the highest common divisor of 39 and 13.
13
What is the highest common divisor of 108 and 486?
54
Calculate the highest common factor of 2802 and 6.
6
What is the highest common divisor of 163710 and 170?
170
What is the highest common divisor of 32 and 112?
16
Calculate the highest common factor of 16 and 520.
8
Calculate the highest common divisor of 1815 and 135.
15
Calculate the highest common divisor of 20 and 970.
10
What is the greatest common divisor of 378 and 1386?
126
What is the highest common divisor of 1178 and 4960?
62
What is the highest common divisor of 488 and 72?
8
Calculate the highest common factor of 40 and 5090.
10
Calculate the greatest common divisor of 5 and 3520.
5
What is the highest common factor of 2101 and 55?
11
What is the highest common factor of 1104 and 224?
16
What is the greatest common factor of 4815 and 45?
45
Calculate the greatest common divisor of 5092 and 1072.
268
Calculate the highest common divisor of 22439 and 19.
19
Calculate the highest common factor of 480 and 45.
15
What is the greatest common divisor of 224 and 280?
56
Calculate the highest common factor of 616 and 66.
22
Calculate the greatest common divisor of 229 and 1.
1
Calculate the highest common divisor of 2 and 38.
2
What is the highest common divisor of 7 and 567?
7
Calculate the highest common divisor of 531 and 295.
59
What is the highest common divisor of 155 and 60605?
155
What is the greatest common factor of 961 and 992?
31
What is the highest common factor of 2516 and 306?
34
Calculate the highest common factor of 8 and 954.
2
Calculate the highest common divisor of 36 and 52.
4
What is the greatest common divisor of 470 and 40?
10
Calculate the greatest common factor of 4 and 49.
1
Calculate the greatest common factor of 315 and 45.
45
Calculate the greatest common factor of 4902 and 172.
86
Calculate the greatest common factor of 2 and 4.
2
Calculate the highest common factor of 15 and 39.
3
What is the greatest common factor of 610 and 3782?
122
Calculate the highest common divisor of 180 and 1200.
60
What is the greatest common factor of 115 and 943?
23
What is the greatest common divisor of 5 and 350?
5
Calculate the highest common divisor of 415 and 747.
83
Calculate the highest common divisor of 15 and 885.
15
What is the greatest common factor of 6 and 2778?
6
Calculate the greatest common factor of 171 and 2109.
57
Calculate the greatest common divisor of 60 and 8895.
15
What is the highest common divisor of 394 and 197?
197
Calculate the greatest common divisor of 2410 and 10.
10
Calculate the greatest common factor of 760 and 4040.
40
Calculate the greatest common divisor of 1635 and 15.
15
What is the highest common factor of 49 and 3479?
49
Calculate the greatest common divisor of 243 and 4.
1
Calculate the highest common factor of 78 and 240.
6
What is the highest common factor of 9557 and 38?
19
What is the highest common factor of 1606 and 55?
11
What is the greatest common divisor of 96 and 42?
6
Calculate the greatest common factor of 6390 and 90.
90
Calculate the greatest common factor of 21294 and 26.
26
Calculate the highest common factor of 54 and 2322.
54
What is the highest common factor of 150 and 780?
30
What is the greatest common factor of 616 and 88?
88
Calculate the greatest common divisor of 475 and 100.
25
What is the greatest common divisor of 440 and 693?
11
Calculate the highest common divisor of 403 and 169.
13
What is the highest common factor of 48 and 1212?
12
What is the highest common factor of 8 and 404?
4
What is the highest common factor of 194 and 8051?
97
Calculate the highest common divisor of 494 and 456.
38
Calculate the highest common divisor of 2808 and 324.
108
What is the highest common factor of 4541 and 1912?
239
What is the highest common divisor of 18 and 7596?
18
Calculate the highest common factor of 462 and 14.
14
Calculate the highest common factor of 310 and 150.
10
Calculate the greatest common factor of 147 and 3136.
49
What is the highest common divisor of 135 and 60?
15
What is the highest common divisor of 490 and 3577?
49
Calculate the greatest common factor of 351 and 13.
13
What is the greatest common factor of 949 and 13?
13
Calculate the greatest common divisor of 87 and 87.
87
What is the greatest common divisor of 2240 and 420?
140
Calculate the highest common divisor of 8769 and 222.
111
Calculate the greatest common factor of 6 and 486.
6
Calculate the greatest common factor of 58 and 667.
29
Calculate the highest common divisor of 41 and 64657.
41
What is the highest common factor of 17262 and 252?
126
Calculate the highest common divisor of 1030 and 130.
10
What is the highest common factor of 7353 and 43?
43
What is the greatest common divisor of 460 and 575?
115
What is the greatest common divisor of 5990 and 20?
10
Calculate the greatest common divisor of 8897 and 2387.
217
What is the greatest 